iple of 399?
False
Is 37956851 a multiple of 53?
True
Is 38245929 a multiple of 19?
False
Is 1889 a factor of 714312127?
True
Is 9 a factor of 28157887?
False
Is 203519897 a multiple of 1541?
False
Does 31 divide 4629385?
True
Is 1514994 a multiple of 270?
False
Is 742455907 a multiple of 1061?
False
Is 36247392 a multiple of 32?
True
Is 108 a factor of 10249848?
True
Does 39 divide 865617792?
True
Is 17 a factor of 3519155295?
True
Is 64171991 a multiple of 139?
True
Is 844597950 a multiple of 82?
True
Is 598 a factor of 78721916?
True
Does 407 divide 2704046950?
True
Is 31 a factor of 12084885?
True
Is 9 a factor of 507320685?
True
Is 75 a factor of 177110042?
False
Is 1117391682 a multiple of 5241?
True
Does 1419 divide 1587771603?
True
Is 1470199 a multiple of 9?
False
Does 486 divide 38531538?
True
Is 800864 even?
True
Is 10 a factor of 4716120910?
True
Does 447 divide 4587498?
False
Is 102232032 a multiple of 16?
True
Is 11 a factor of 55800908?
False
Is 18363351 a multiple of 1182?
False
Is 37 a factor of 584269448?
False
Does 10 divide 57014150?
True
Is 1947 a factor of 108153903?
True
Is 871994654 a multiple of 20?
False
Is 233615151 a multiple of 77?
True
Is 20 a factor of 92519084?
False
Does 17 divide 254210520?
True
Does 66 divide 54734332?
False
Does 1639 divide 66032032?
True
Is 260 a factor of 106225340?
True
Is 5338 a factor of 415267967?
False
Is 12 a factor of 66007464?
True
Does 43 divide 347355927?
False
Is 30 a factor of 1252228140?
True
Is 4130620 a multiple of 13?
True
Is 62 a factor of 53351128?
False
Is 1824128600 a multiple of 5?
True
Is 116 a factor of 15833768?
True
Does 183 divide 494928487?
False
Is 498 a factor of 2926018090?
False
Is 949920894 a multiple of 39?
True
Does 768 divide 116987136?
True
Is 962 a factor of 173804341?
False
Is 123106718 a multiple of 49?
True
Does 34 divide 430008506?
True
Is 134726153 a multiple of 5?
False
Is 798 a factor of 6113478?
True
Is 8 a factor of 32565043?
False
Is 8364591 a multiple of 3?
True
Is 38 a factor of 468444960?
False
Does 32 divide 399037821?
False
Is 63 a factor of 1997849341?
False
Is 206415216 a multiple of 504?
True
Is 72133860 a multiple of 353?
False
Does 90 divide 28342350?
True
Does 5 divide 124596820?
True
Is 117137474 a multiple of 374?
False
Does 33 divide 320285765?
False
Is 339 a factor of 7571076?
False
Does 11 divide 922977?
True
Is 2284 a factor of 13740544?
True
Is 35413560 a multiple of 552?
True
Is 22 a factor of 3456576?
False
Is 296211851 a multiple of 1090?
False
Does 1550 divide 108636710?
False
Does 253 divide 244186748?
False
Is 83271825 a multiple of 97?
False
Is 20085969 a multiple of 566?
False
Is 1618459856 a multiple of 104?
True
Is 974553370 a multiple of 70?
True
Is 213501782 a multiple of 26?
True
Does 71 divide 364727?
True
Is 230505121 a multiple of 11?
True
Is 17 a factor of 1965018304?
True
Does 356 divide 302437308?
True
Is 50 a factor of 52022477?
False
Is 10 a factor of 172252760?
True
Is 8683485 a multiple of 20?
False
Does 3 divide 147716423?
False
Is 334448404 a multiple of 571?
True
Does 152 divide 73163760?
False
Is 736446876 a multiple of 267?
True
Is 212 a factor of 261740669?
False
Is 213 a factor of 831524097?
True
Is 174417144 a multiple of 136?
True
Is 53695726 a multiple of 133?
False
Does 10 divide 123926900?
True
Is 447 a factor of 120799068?
True
Is 79436032 a multiple of 416?
True
Is 5573 a factor of 1821713386?
True
Is 3 a factor of 1722349?
False
Is 29 a factor of 569726692?
True
Is 90370248 a multiple of 12?
True
Is 7735124199 a multiple of 9?
False
Is 12 a factor of 1125477999?
False
Does 2001 divide 167301609?
True
Does 35 divide 403747579?
False
Does 187 divide 843214603?
True
Is 641900348 a multiple of 10?
False
Is 12804982 a multiple of 4?
False
Does 5072 divide 48224576?
True
Does 19 divide 280139420?
True
Does 299 divide 29716713?
True
Does 331 divide 10038568?
True
Is 168727776 a multiple of 392?
True
Is 42 a factor of 523990362?
True
Does 70 divide 1891958880?
True
Is 29 a factor of 44751819?
False
Is 11987659 a multiple of 917?
False
Does 53 divide 99240857?
True
Is 2505250180 a multiple of 4852?
False
Is 2 a factor of 1551804?
True
Is 1372 a factor of 7587013?
False
Is 1728 a factor of 170195984?
False
Is 4474017171 a multiple of 24?
False
Is 63 a factor of 230153937?
False
Does 359 divide 2432943?
True
Is 812 a factor of 1021240348?
False
Is 21181238 a multiple of 1618?
True
Is 46263586 a multiple of 52?
False
Is 210 a factor of 537226191?
False
Is 276202204 a multiple of 1271?
False
Does 8 divide 2366347?
False
Does 532 divide 4975796?
True
Does 914 divide 8147396?
True
Does 11 divide 7165620?
True
Does 43 divide 13129663?
True
Is 462507072 a multiple of 2568?
True
Does 216 divide 70758905?
False
Is 1843329393 a multiple of 321?
False
Is 33 a factor of 109471929?
False
Is 8 a factor of 24003056?
True
Does 1229 divide 557358520?
False
Does 69 divide 15804102?
False
Does 5 divide 43365025?
True
Does 3 divide 91831476?
True
Is 39 a factor of 14955001?
False
Does 27 divide 14399643?
False
Does 44 divide 29530864?
True
Is 914957238 a multiple of 289?
True
Is 14 a factor of 382629668?
False
Is 350 a factor of 1865220410?
False
Does 15 divide 105620940?
True
Does 123 divide 118072866?
True
Is 11 a factor of 2234273128?
False
Is 280161985 a multiple of 4259?
False
Is 82 a factor of 445026874?
True
Is 6 a factor of 334264797?
False
Is 33413608 a multiple of 19?
False
Is 17 a factor of 1580080555?
True
Is 12 a factor of 1031031307?
False
Is 243730296 a multiple of 54?
True
Is 121348257 a multiple of 59?
False
Is 3978 a factor of 496828332?
True
Is 29672064 a multiple of 516?
True
Is 68 a factor of 3559001?
False
Is 34 a factor of 99815296?
True
Is 422 a factor of 1266043044?
True
Is 235 a factor of 1437917060?
True
Does 3 divide 8467305?
True
Does 17 divide 270242887?
False
Is 502965925 a multiple of 275?
True
Is 273 a factor of 24696399?
True
Does 705 divide 4445025?
True
Does 530 divide 87316763?
False
Does 16 divide 103079760?
True
Does 28 divide 2239527096?
False
Is 269074555 a multiple of 8?
False
Is 115 a factor of 104048242?
False
Is 3 a factor of 4841776?
False
Does 249 divide 944874234?
False
Is 8 a factor of 15585400?
True
Does 386 divide 121805002?
True
Is 16099941 a multiple of 429?
True
Does 2138 divide 209054836?
False
Does 894 divide 660948972?
False
Does 737 divide 634876037?
False
Does 12 divide 22660589?
False
Does 8 divide 72108920?
True
Is 58765667 a multiple of 8?
False
Does 115 divide 1850350?
True
Is 379 a factor of 245154255?
True
Does 17 divide 2124280764?
True
Does 1197 divide 10776994?
False
Does 20 divide 55507486?
False
Does 23 divide 5612299?
True
Does 28 divide 12227365?
False
Is 24889924 a multiple of 97?
False
Does 5805 divide 57040390?
False
Is 2528 a factor of 17269398?
False
Is 7676461 a multiple of 4?
False
Does 3141 divide 125850447?
True
Is 45925559 a multiple of 101?
False
Does 3 divide 21211926?
True
Is 665 a factor of 330887375?
True
Is 14847936 a multiple of 204?
True
Is 519887760 a multiple of 60?
True
Does 3 divide 8752047?
True
Is 820233659 a multiple of 907?
True
Does 45 divide 5742270?
True
Does 5 divide 1471895160?
True
Is 63406779 a multiple of 58?
False
Is 18 a factor of 803126?
False
Does 128 divide 5640113?
False
Is 2401673 a multiple of 670?
False
Is 23081945 a multiple of 34?
False
Does 177 divide 16790481?
False
Is 44 a factor of 4102273029?
False
Does 62 divide 5388178?
False
Does 3541 divide 660396500?
True
Is 2 a factor of 5243475?
False
Is 161 a factor of 116501371?
True
Is 17 a factor of 9681262?
True
Does 200 divide 38388850?
False
Is 33266682 a multiple of 8?
False
Does 8354 divide 1567335621?
False
Is 127 a factor of 275476716?
True
Is 57 a factor of 1402548897?
True
Does 506 divide 1140881236?
True
Is 11 a factor of 74372342?
True
Does 15 divide 15521523?
False
Is 10163242 a multiple of 72?
False
Does 90 divide 1016622314?
False
Is 1198442 a multiple of 343?
True
Is 590324905 a multiple of 29?
False
Is 360 a factor of 6948360?
True
Is 3570 a factor of 16185035?
False
Does 9 divide 13139676?
True
Is 372252240 a multiple of 1905?
True
Is 18994698 a multiple of 94?
False
Is 12044175 a multiple of 195?
True
Is 167 a factor of 9861350?
Tr